 and a?
22
Suppose 0 = 2*d + 3*c - 0*c, 0 = -4*d - 4*c - 8. Let u be (-64)/d*(-81)/(-6). Calculate the greatest common factor of 16 and u.
16
Let d(s) = -s**3 + 12*s**2 - 7*s - 117. Let q be d(9). Calculate the highest common divisor of q and 28.
7
Let v = -3 + -51. Let q be 70*(4 + v/21). What is the highest common factor of 20 and q?
20
Suppose 72 = 3*g + 219. Let n = g - -141. What is the highest common factor of n and 23?
23
Suppose -x = 5*k - 92, 2*k + 4*x + x - 46 = 0. Let t be -3 + ((-42)/(-18) - 4)*-9. What is the greatest common factor of k and t?
6
Suppose 2*m = -8, 2*g = 2*m - 4*m + 72. Let t = g + -34. What is the greatest common factor of 24 and t?
6
Let z(k) = -79*k**2 + 30 + 41*k**2 + 5*k + 30*k**2 - k**3. Let l be z(-9). Suppose -9 = 4*g - 33. What is the greatest common divisor of g and l?
6
Let f = 0 + 1. Let p be f + -3 + 10 + 2. Let o(j) = 6*j**2 - 46*j + 9. Let w be o(8). What is the greatest common factor of p and w?
5
Let b = 475 - 266. Calculate the highest common divisor of b and 11.
11
Let q = 253 - 221. What is the highest common divisor of 12 and q?
4
Let q = 114 - 78. Let o be 2/((q/(-40))/(-9)). Calculate the greatest common divisor of 100 and o.
20
Let o(p) = -p**3 - 8*p**2 - 8*p - 3. Let n be o(-7). Let x = n - -41. What is the greatest common divisor of 15 and x?
15
Let k(m) = 38*m**2 + 7*m - 12. Let x be k(-4). Calculate the greatest common divisor of 8 and x.
8
Let x = 290 - 176. Calculate the greatest common factor of 12 and x.
6
Suppose 2*j = -z + 18 - 2, -3*z - 2*j = -28. Let s be (-266)/(-4) + 3/z. Suppose -4*a = -s - 5. What is the highest common divisor of a and 9?
9
Let v(z) = 6*z - 49. Let q be v(10). What is the greatest common divisor of q and 77?
11
Suppose -13*h + 4250 = -8*h. Suppose 3*l - l + 10 = 0, -3*g + h = -2*l. What is the highest common factor of 35 and g?
35
Suppose 0*c + 36 = c. Suppose -348 = -26*a - 36. Calculate the greatest common divisor of a and c.
12
Let c be ((-47)/(-2))/((-3)/(-96)). Let g be c/22 + 38/(-209). Calculate the greatest common factor of 136 and g.
34
Suppose l + 2*w = -w + 180, 5*w = -2*l + 365. Calculate the highest common divisor of 39 and l.
39
Let m be 188 + 3/((-27)/(-36)). What is the greatest common divisor of m and 240?
48
Let j = 413 - 365. Calculate the greatest common divisor of j and 1068.
12
Let s(v) = v + 5. Let j be s(-3). Suppose 0 = -j*w - 2*w + 56. Let c be 1 - 125/(-1 - 0). What is the greatest common factor of c and w?
14
Let w be -3*1*(-4)/3. Let c be ((-532)/95)/(w/(-10)). What is the greatest common divisor of c and 98?
14
Suppose -16*k = 4*k - 3600. What is the greatest common divisor of 40 and k?
20
Let n(m) = 2*m + 16. Let a be n(-1). What is the highest common factor of a and 14?
14
Suppose 0 = -6*r + 4*r - 3*c + 118, 3*c - 174 = -3*r. What is the highest common factor of r and 266?
14
Let y be ((-4)/10 - 2232/270)*-39. Calculate the greatest common divisor of y and 13.
13
Suppose -3*a + 11 = -5*i, -2*i - 3*a = i + 21. Let s = -2 - i. Suppose 2*t + 5*x - 29 = -2*t, -4*t - 2*x = -14. Calculate the highest common factor of t and s.
1
Let j(o) = -52*o**3 + o**2 - 3*o + 2. Let w be j(1). Let d = w + 66. What is the highest common divisor of d and 56?
14
Let y = -21 + 41. Let j be 1432/y + (-2)/(-5). Let w be 1 - 2 - -3 - -22. What is the highest common factor of j and w?
24
Let t = -622 + 645. What is the greatest common factor of 23 and t?
23
Suppose -4*l + 89 = -319. Suppose 133 = 7*a - 105. What is the greatest common factor of a and l?
34
Let l be -2 - (10/5)/(-2). Let u(o) = -40*o**3 + 2*o**2 + 2*o. Let i be u(l). What is the highest common divisor of i and 200?
40
Let r(z) = 2*z - 9. Let b be r(7). Let x(q) = -2*q**2 - q - 8. Let d be x(b). Let m be (d/6)/(9/(-48)). Calculate the greatest common factor of m and 7.
7
Let u = 12 - -2. Let l(s) = -s**3 - 26*s**2 - 49*s + 11. Let w be l(-24). What is the highest common factor of w and u?
7
Suppose 3*s + 23 = 3*f + s, 0 = 3*f - 5*s - 26. Suppose -10*l = -5*l - 60. Let t = f + l. What is the greatest common factor of t and 38?
19
Let d be (0 + 1 - 1) + 198. Suppose 15*u - 19*u = -m + 34, -2*m = -4*u - 56. Calculate the highest common factor of d and m.
22
Let p = 1209 + -771. Let o be (-4)/(-10) - p/(-30). Let j = 21 - o. What is the highest common factor of 18 and j?
6
Let c(i) be the second derivative of i**3/6 + 6*i**2 - 10*i. Let h be c(12). What is the highest common divisor of 72 and h?
24
Suppose -276 = -3*i - 3*v + 2*v, 0 = 4*v. Suppose 0 = -5*l + x + 263, 4*l + 4*x = 2*l + i. Calculate the greatest common factor of 13 and l.
13
Suppose -18*b + 512 = -10*b. Calculate the highest common factor of 96 and b.
32
Let t be (61 + -1)/(-5*(-6)/20). What is the greatest common factor of t and 104?
8
Let b(p) = 4*p**3 + 11*p**2 + 25*p - 158. Let h be b(5). Calculate the greatest common divisor of h and 21.
7
Let l = -1778 + 1788. Let c be (2/6 + 1)*3. Calculate the greatest common factor of l and c.
2
Let n be 2 + (0 - (4 + 1)) + 23. What is the greatest common factor of 180 and n?
20
Suppose 2084 = 4*o - 2*u, o - 5*u = -0*o + 530. What is the highest common divisor of 13 and o?
13
Suppose 0*k = -2*k - 3*p + 24, 4*p = 5*k - 14. Suppose -48 - 36 = -k*t. Suppose -4*w + 3 = -5. Calculate the highest common factor of w and t.
2
Let h = 53 - 51. Suppose -471 = -4*v + h*g + 35, -4*g + 122 = v. What is the highest common divisor of 21 and v?
21
Let g be -698*2/(-32) - 21/(-56). What is the highest common divisor of g and 8?
4
Suppose 4*y = c + 2*c - 225, 5*y = c - 75. Calculate the greatest common factor of c and 50.
25
Let j(a) = -2*a**3 + 31*a**2 - 39*a - 3. Let s be j(14). What is the greatest common divisor of 156 and s?
39
Suppose -4*z = 2*x - 154, -6*z + 74 = -x - 161. What is the greatest common divisor of 195 and z?
39
Suppose 0 = -462*x + 466*x - 60. What is the greatest common factor of 945 and x?
15
Let z = 226 - 157. What is the highest common divisor of 138 and z?
69
Let p(a) = 3*a - 56. Let u be p(25). What is the greatest common factor of 361 and u?
19
Let k be 3429/45 + 1/(-5). Let h be (k/14 - 4)*14. Suppose -6*l = -2*l - h. What is the highest common factor of l and 15?
5
Let t be 31/((-589)/(-285)) - 7. Let n be (-2)/((-1)/1*-1). Let m be n/5 + 14/10. What is the greatest common divisor of t and m?
1
Suppose 0 = 4*t - 65 - 63. Suppose -28*m = -25*m + 360. Let i be ((-26)/65)/(1/m - 0). Calculate the greatest common factor of i and t.
16
Let l = -706 - -821. Calculate the highest common factor of l and 10.
5
Let b be (-171)/(-114)*(80/2)/1. Calculate the greatest common divisor of b and 20.
20
Let j = 8 + -7. Let k(r) be the first derivative of r**2/2 + 15*r - 13. Let l be k(-13). What is the highest common factor of l and j?
1
Let g = -1325 + 1535. Suppose 3*a + 12 = 0, -2*x - 2*a + 34 = -0*x. What is the highest common factor of x and g?
21
Suppose -33 - 95 = -4*j. Let f(b) = -b**2 + 392*b + 2404. Let d be f(-6). What is the greatest common factor of d and j?
16
Let b(c) = 48*c. Let k be b(2). Suppose o + 39 = k. Let p = -212 + 231. What is the highest common factor of o and p?
19
Suppose -841 = -7*f + 531. Let z = 60 - 32. What is the greatest common factor of f and z?
28
Let n(m) = -4*m + 4. Let r be n(1). Let a(j) = r*j - 4 + 2 + 0*j + 2*j. Let z be a(7). What is the greatest common factor of 60 and z?
12
Let w(a) = 50*a**3 + a**2 + 19*a - 53. Let j be w(3). What is the greatest common divisor of 94 and j?
47
Suppose -r + 1 = 16. Let z = r + 27. Suppose y - 7 = z. Calculate the greatest common factor of 38 and y.
19
Suppose 2*n - m + 60 = 0, -5*m + 1 = -n - 47. Let f = -30 - n. Let z be 2/f*(4 + -74). What is the greatest common divisor of z and 28?
14
Let n = 2 - 11. Let l be (-1)/(0 - (-3)/n). Let z be 1/(-3) + 34/l. Calculate the highest common factor of z and 22.
11
Suppose 5*v - k + 270 = 0, -6*v + 7*v - 3*k + 54 = 0. Let r be (3 - 9)*v/4 + 0. What is the highest common factor of r and 9?
9
Let r = -12 - -20. Let b be 11 + 2/4*r. Suppose b + 13 = 7*x. Calculate the greatest common divisor of 10 and x.
2
Let y(p) = -2*p**3 - 7*p**2 - 5*p. Let l be y(-4). Let q be 3/4*288/54. Calculate the highest common divisor of q and l.
4
Suppose 672 + 108 = 13*s. What is the greates